digit of 1081733?
0
What is the thousands digit of 1091372?
1
What is the millions digit of 3953406?
3
What is the units digit of 2449090?
0
What is the hundred thousands digit of 1259975?
2
What is the thousands digit of 108421?
8
What is the hundreds digit of 3597564?
5
What is the hundreds digit of 20322?
3
What is the tens digit of 15015606?
0
What is the hundred thousands digit of 1026261?
0
What is the hundred thousands digit of 762440?
7
What is the ten thousands digit of 139737?
3
What is the ten millions digit of 24603194?
2
What is the thousands digit of 408386?
8
What is the hundred thousands digit of 334786?
3
What is the units digit of 18712313?
3
What is the units digit of 33851?
1
What is the ten thousands digit of 188314?
8
What is the ten thousands digit of 41240?
4
What is the millions digit of 20390544?
0
What is the tens digit of 876884?
8
What is the thousands digit of 8593941?
3
What is the ten thousands digit of 260821?
6
What is the hundreds digit of 111550?
5
What is the units digit of 4146767?
7
What is the units digit of 906542?
2
What is the hundred thousands digit of 6519000?
5
What is the hundreds digit of 1409219?
2
What is the units digit of 444607?
7
What is the thousands digit of 1048259?
8
What is the tens digit of 314761?
6
What is the hundreds digit of 8338496?
4
What is the hundreds digit of 1501148?
1
What is the hundred thousands digit of 7284514?
2
What is the tens digit of 8111083?
8
What is the hundreds digit of 264172?
1
What is the ten thousands digit of 14697632?
9
What is the hundred thousands digit of 456961?
4
What is the hundreds digit of 1597469?
4
What is the millions digit of 13836152?
3
What is the ten thousands digit of 675283?
7
What is the thousands digit of 18754?
8
What is the hundred thousands digit of 5901330?
9
What is the hundreds digit of 5591582?
5
What is the thousands digit of 151218?
1
What is the units digit of 292495?
5
What is the ten thousands digit of 18402573?
0
What is the hundreds digit of 108827?
8
What is the ten thousands digit of 8699579?
9
What is the hundreds digit of 315535?
5
What is the hundred thousands digit of 175094?
1
What is the tens digit of 23160?
6
What is the millions digit of 3682630?
3
What is the ten thousands digit of 1295618?
9
What is the hundred thousands digit of 167699?
1
What is the tens digit of 1422267?
6
What is the thousands digit of 31787?
1
What is the tens digit of 611472?
7
What is the hundreds digit of 4822657?
6
What is the thousands digit of 37063622?
3
What is the hundreds digit of 217079?
0
What is the units digit of 3022185?
5
What is the ten thousands digit of 7972949?
7
What is the hundreds digit of 887137?
1
What is the thousands digit of 1083751?
3
What is the tens digit of 927889?
8
What is the ten thousands digit of 9330046?
3
What is the thousands digit of 22272568?
2
What is the hundred thousands digit of 2742635?
7
What is the ten thousands digit of 38280607?
8
What is the hundreds digit of 361617?
6
What is the hundreds digit of 220082?
0
What is the units digit of 6128391?
1
What is the hundreds digit of 71250?
2
What is the units digit of 218127?
7
What is the units digit of 3424474?
4
What is the millions digit of 27321628?
7
What is the hundreds digit of 11719696?
6
What is the hundreds digit of 154704?
7
What is the thousands digit of 5155044?
5
What is the units digit of 167144?
4
What is the units digit of 130118?
8
What is the millions digit of 4945294?
4
What is the thousands digit of 5293867?
3
What is the thousands digit of 2335522?
5
What is the ten thousands digit of 410373?
1
What is the units digit of 4863242?
2
What is the thousands digit of 406947?
6
What is the millions digit of 1504936?
1
What is the hundreds digit of 9405?
4
What is the hundreds digit of 2069337?
3
What is the hundreds digit of 2648270?
2
What is the hundreds digit of 1161625?
6
What is the ten thousands digit of 13628945?
2
What is the ten thousands digit of 7592560?
9
What is the hundreds digit of 741840?
8
What is the thousands digit of 1007442?
7
What is the millions digit of 1225604?
1
What is the hundreds digit of 8176124?
1
What is the thousands digit of 58611?
8
What is the ten thousands digit of 242293?
4
What is the thousands digit of 218439?
8
What is the tens digit of 373987?
8
What is the units digit of 2886490?
0
What is the ten thousands digit of 672571?
7
What is the ten thousands digit of 9835593?
3
What is the ten thousands digit of 761327?
6
What is the hundreds digit of 18390521?
5
What is the ten thousands digit of 464797?
6
What is the ten millions digit of 11042191?
1
What is the units digit of 625695?
5
What is the hundred thousands digit of 487861?
4
What is the thousands digit of 18861?
8
What is the hundred thousands digit of 354589?
3
What is the ten thousands digit of 3812393?
1
What is the tens digit of 3581810?
1
What is the thousands digit of 3952429?
2
What is the ten thousands digit of 379131?
7
What is the hundred thousands digit of 26580577?
5
What is the hundred thousands digit of 180832?
1
What is the hundred thousands digit of 11984409?
9
What is the units digit of 153150?
0
What is the tens digit of 3317206?
0
What is the thousands digit of 706940?
6
What is the hundred thousands digit of 1303962?
3
What is the hundreds digit of 85146?
1
What is the tens digit of 220706?
0
What is the thousands digit of 639439?
9
What is the tens digit of 347324?
2
What is the hundreds digit of 132272?
2
What is the tens digit of 539662?
6
What is the millions digit of 9801250?
9
What is the units digit of 5181334?
4
What is the tens digit of 2711605?
0
What is the ten thousands digit of 1797200?
9
What is the tens digit of 4261622?
2
What is the ten thousands digit of 12850702?
5
What is the tens digit of 206910?
1
What is the units digit of 761476?
6
What is the units digit of 14352316?
6
What is the hundreds digit of 469990?
9
What is the ten thousands digit of 368247?
6
What is the millions digit of 2387068?
2
What is the hundred thousands digit of 41507975?
5
What is the hundred thousands digit of 422617?
4
What is the units digit of 290086?
6
What is the thousands digit of 1116478?
6
What is the hundred thousands digit of 7012963?
0
What is the thousands digit of 276880?
6
What is the tens digit of 11074377?
7
What is the hundreds digit of 399617?
6
What is the ten thousands digit of 785501?
8
What is the hundred thousands digit of 1695464?
6
What is the thousands digit of 19916568?
6
What is the ten thousands digit of 9196886?
9
What is the hundred thousands digit of 12685891?
6
What is the hundred thousands digit of 12611341?
6
What is the thousands digit of 1912813?
2
What is the thousands digit of 96241?
6
What is the hundreds digit of 2078612?
6
What is the ten thousands digit of 458934?
5
What is the thousands digit of 5003610?
3
What is the ten thousands digit of 4813906?
1
What is the ten thousands digit of 1274326?
7
What is the thousands digit of 640487?
0
What is the thousands digit of 8403080?
3
What is the hundreds digit of 160640?
6
What is the units digit of 389675?
5
What is the ten millions digit of 17880863?
1
What is the units digit of 2710934?
4
What is the units digit of 17541572?
2
What is the tens digit of 344780?
8
What is the hundred thousands digit of 1333308?
3
What is the tens digit of 259795?
9
What is the ten thousands digit of 5209422?
0
What is the hundreds digit of 709752?
7
What is the ten thousands digit of 21017120?
1
What is the hundred thousands digit of 395161?
3
What is the ten thousands digit of 386764?
8
What is the hundreds digit of 343368?
3
What is the hundreds digit of 4283702?
7
What is the hundreds digit of 8892078?
0
What is the hundred thousands digit of 277596?
2
What is the hundreds digit of 3445137?
1
What is the thousands digit of 1362326?
2
What is the units digit of 2174729?
9
What is the ten thousands digit of 4146375?
4
What is the thousands digit of 651884?
1
What is the ten millions digit of 11676900?
1
What is the thousands digit of 3757397?
7
What is the millions digit of 20260955?
0
What is the ten thousands digit of 709472?
0
What is the ten thousands digit of 461012?
6
What is the hundreds digit of 2346296?
2
What is the millions dig